10682 is divided by 274?
270
Calculate the remainder when 427 is divided by 12.
7
What is the remainder when 446 is divided by 112?
110
Calculate the remainder when 107 is divided by 43.
21
What is the remainder when 1884 is divided by 37?
34
What is the remainder when 584 is divided by 2?
0
What is the remainder when 276 is divided by 31?
28
What is the remainder when 527 is divided by 12?
11
What is the remainder when 357 is divided by 8?
5
What is the remainder when 769 is divided by 60?
49
What is the remainder when 5006 is divided by 556?
2
Calculate the remainder when 125 is divided by 18.
17
What is the remainder when 79 is divided by 78?
1
What is the remainder when 90 is divided by 38?
14
What is the remainder when 1227 is divided by 606?
15
What is the remainder when 36 is divided by 22?
14
What is the remainder when 5503 is divided by 117?
4
Calculate the remainder when 1153 is divided by 368.
49
What is the remainder when 60 is divided by 26?
8
Calculate the remainder when 4411 is divided by 65.
56
Calculate the remainder when 4494 is divided by 66.
6
Calculate the remainder when 106 is divided by 30.
16
Calculate the remainder when 4054 is divided by 52.
50
Calculate the remainder when 738 is divided by 13.
10
What is the remainder when 124 is divided by 19?
10
What is the remainder when 654 is divided by 157?
26
Calculate the remainder when 375 is divided by 14.
11
Calculate the remainder when 2547 is divided by 321.
300
What is the remainder when 3855 is divided by 241?
240
What is the remainder when 212 is divided by 102?
8
Calculate the remainder when 1501 is divided by 41.
25
What is the remainder when 5 is divided by 5?
0
Calculate the remainder when 2458 is divided by 613.
6
What is the remainder when 8703 is divided by 32?
31
Calculate the remainder when 39 is divided by 30.
9
What is the remainder when 2989 is divided by 68?
65
What is the remainder when 2055 is divided by 13?
1
Calculate the remainder when 373 is divided by 31.
1
What is the remainder when 256 is divided by 6?
4
What is the remainder when 13 is divided by 13?
0
What is the remainder when 3623 is divided by 34?
19
What is the remainder when 63 is divided by 24?
15
What is the remainder when 3122 is divided by 9?
8
What is the remainder when 25702 is divided by 12?
10
Calculate the remainder when 1396 is divided by 658.
80
Calculate the remainder when 268 is divided by 17.
13
Calculate the remainder when 214 is divided by 54.
52
Calculate the remainder when 144 is divided by 33.
12
Calculate the remainder when 25 is divided by 9.
7
Calculate the remainder when 30 is divided by 20.
10
Calculate the remainder when 210 is divided by 72.
66
Calculate the remainder when 88 is divided by 25.
13
Calculate the remainder when 499 is divided by 85.
74
What is the remainder when 2869 is divided by 29?
27
Calculate the remainder when 61 is divided by 48.
13
What is the remainder when 193 is divided by 101?
92
Calculate the remainder when 458 is divided by 22.
18
Calculate the remainder when 255 is divided by 44.
35
Calculate the remainder when 145 is divided by 66.
13
Calculate the remainder when 783 is divided by 56.
55
Calculate the remainder when 197 is divided by 18.
17
Calculate the remainder when 2556 is divided by 45.
36
What is the remainder when 568 is divided by 29?
17
Calculate the remainder when 30 is divided by 19.
11
What is the remainder when 8463 is divided by 34?
31
What is the remainder when 4385 is divided by 41?
39
Calculate the remainder when 614 is divided by 50.
14
Calculate the remainder when 1103 is divided by 14.
11
What is the remainder when 146 is divided by 78?
68
What is the remainder when 164 is divided by 95?
69
What is the remainder when 143 is divided by 21?
17
Calculate the remainder when 185 is divided by 83.
19
What is the remainder when 841 is divided by 262?
55
Calculate the remainder when 251 is divided by 11.
9
What is the remainder when 579 is divided by 192?
3
What is the remainder when 210 is divided by 61?
27
What is the remainder when 1197 is divided by 16?
13
Calculate the remainder when 17 is divided by 7.
3
Calculate the remainder when 3147 is divided by 21.
18
What is the remainder when 9887 is divided by 11?
9
What is the remainder when 422 is divided by 29?
16
What is the remainder when 13 is divided by 13?
0
Calculate the remainder when 1751 is divided by 220.
211
What is the remainder when 1155 is divided by 166?
159
Calculate the remainder when 1360 is divided by 459.
442
What is the remainder when 499 is divided by 248?
3
What is the remainder when 7642 is divided by 98?
96
Calculate the remainder when 252 is divided by 80.
12
What is the remainder when 4419 is divided by 65?
64
What is the remainder when 472 is divided by 163?
146
What is the remainder when 4714 is divided by 115?
114
What is the remainder when 1589 is divided by 521?
26
What is the remainder when 185 is divided by 12?
5
Calculate the remainder when 610 is divided by 3.
1
What is the remainder when 226 is divided by 33?
28
What is the remainder when 665 is divided by 218?
11
Calculate the remainder when 124 is divided by 32.
28
What is the remainder when 33 is divided by 10?
3
Calculate the remainder when 96 is divided by 7.
5
What is the remainder when 682 is divided by 335?
12
Calculate the remainder when 359 is divided by 171.
17
Calculate the remainder when 160 is divided by 103.
57
Calculate the remainder when 114 is divided by 82.
32
What is the remainder when 3178 is divided by 11?
10
Calculate the remainder when 238 is divided by 13.
4
What is the remainder when 89 is divided by 28?
5
Calculate the remainder when 516 is divided by 14.
12
Calculate the remainder when 571 is divided by 26.
25
What is the remainder when 38 is divided by 20?
18
What is the remainder when 157 is divided by 50?
7
Calculate the remainder when 129 is divided by 12.
9
Calculate the remainder when 112 is divided by 13.
8
What is the remainder when 181 is divided by 5?
1
What is the remainder when 98 is divided by 20?
18
What is the remainder when 57484 is divided by 22?
20
Calculate the remainder when 7127 is divided by 46.
43
Calculate the remainder when 2491 is divided by 29.
26
What is the remainder when 521 is divided by 20?
1
What is the remainder when 251 is divided by 18?
17
Calculate the remainder when 22 is divided by 13.
9
What is the remainder when 81 is divided by 41?
40
What is the remainder when 458 is divided by 17?
16
What is the remainder when 838 is divided by 12?
10
What is the remainder when 916 is divided by 153?
151
What is the remainder when 1904 is divided by 628?
20
What is the remainder when 662 is divided by 39?
38
What is the remainder when 1559 is divided by 26?
25
Calculate the remainder when 11111 is divided by 14.
9
What is the remainder when 8025 is divided by 31?
27
What is the remainder when 1396 is divided by 346?
12
Calculate the remainder when 94 is divided by 32.
30
What is the remainder when 191 is divided by 66?
59
Calculate the remainder when 626 is divided by 609.
17
Calculate the remainder when 254 is divided by 5.
4
Calculate the remainder when 40875 is divided by 27.
24
What is the remainder when 326 is divided by 7?
4
What is the remainder when 104 is divided by 27?
23
What is the remainder when 5183 is divided by 64?
63
What is the remainder when 53 is divided by 5?
3
Calculate the remainder when 340 is divided by 137.
66
What is the remainder when 1490 is divided by 83?
79
What is the remainder when 537 is divided by 18?
15
Calculate the remainder when 600 is divided by 197.
9
What is the remainder when 208 is divided by 44?
32
Calculate the remainder when 1798 is divided by 24.
22
What is the remainder when 235 is divided by 114?
7
Calculate the remainder when 813 is divided by 136.
133
What is the remainder when 1172 is divided by 25?
22
What is the remainder when 165 is divided by 25?
15
Calculate the remainder when 53 is divided by 6.
5
Calculate the remainder when 5415 is divided by 23.
10
Calculate the remainder when 426 is divided by 137.
15
Calculate the remainder when 92 is divided by 34.
24
What is the remainder when 1222 is divided by 73?
54
Calculate the remainder when 646 is divided by 8.
6
Calcula